 m(p) = p**2 + 11*p + 20. Let z be m(-6). What is the hundreds digit of ((-614)/3)/(-5*z/(-150))?
6
Suppose -124 = 8*z + 84. What is the tens digit of (-4)/z - 316*(-64)/26?
7
Suppose -4*p + 89 = 93, 3*u - 5*p = 57890. What is the hundreds digit of u?
2
Let u = 627 - 620. What is the thousands digit of 2/u - 537612/(-497)?
1
Suppose 26*m - 295714 = -11050 + 167658. What is the units digit of m?
7
Suppose 0 = -17740*j + 17739*j + 11609. What is the hundreds digit of j?
6
Let h be 4 + -12 - 6*-755. Suppose 12710 = 48*y - h. What is the units digit of y?
9
Let d(y) = 10*y + 6. Suppose -3*f + j = -135, -3*j = f - 6 - 29. Suppose 0 = r + 4*p + 1 - 25, 0 = -2*r - 4*p + f. What is the units digit of d(r)?
6
Let z(m) = m**2 - 3*m + 1. Let p(c) = -3*c**2 + 4*c + 66. Let q(o) = p(o) + 2*z(o). Suppose 0 = -x - 2*x. What is the units digit of q(x)?
8
Suppose -4*m = -32*m - 8848. Let y = m + 784. What is the hundreds digit of y?
4
Let n(i) = 7*i + 13. Let a be n(12). Let c = -43 + a. Suppose 5*t - 506 = c. What is the hundreds digit of t?
1
Let l(h) = -4*h - 14*h - 5 - 1. Suppose 20 = 180*r - 184*r. What is the units digit of l(r)?
4
Let j(x) = 63*x + 6. Let u be j(-14). Let k be (u/(-10) + 0)/((-48)/(-160)). Suppose k = 4*t - 4*f, 5*f + 13 - 378 = -5*t. What is the units digit of t?
3
Let v be (-93)/(-9) + -9 - 16/(-6). What is the units digit of (-4 - (-4 + -3*122)) + v?
0
Let a(x) = x**2 + 15*x + 55. Let i be a(-5). Suppose 0 = n + 4*d - 426, -n - i*d = -436 + 13. What is the tens digit of n?
3
Suppose 0 = -17*k + 17130 - 1779. What is the tens digit of k?
0
Suppose -r + 7 = -z - 4*r, r = -4. Let x(c) = c**2 - 7*c + 12. Let w be x(z). Suppose 0 = w*t - 194 + 18. What is the tens digit of t?
8
Suppose 11*y + 8*y - 455640 = -y. What is the thousands digit of y?
2
Let q(f) = -90*f + 1418. What is the hundreds digit of q(-43)?
2
Suppose 0 = 5*n + 3*k - 51592, 0 = 4*n + 2*k + 2610 - 43884. What is the tens digit of n?
1
Suppose -3*t + 18 + 24 = 0. Suppose j + 6 = 5*s, -2*s - t = -7*s - j. Suppose 0 = 2*m - 2*p - 144, -p + 109 + 38 = s*m. What is the tens digit of m?
7
Let l(c) = -c**3 - 9*c**2 - 16*c - 10. Let j = 20 - 18. Suppose 11 = -j*m - 3. What is the units digit of l(m)?
4
What is the tens digit of (-2 - ((-5)/20)/((-21)/(-280)))*5223?
6
Suppose -3*u = -4*u + 4. Let h = 57 - -239. Suppose -u*t + 0*t = -h. What is the tens digit of t?
7
Let q be (1/(-2))/(6/(-48)). Suppose -5*l + 3*b = 5*b - 126, 3*l - 84 = 3*b. Suppose 3*f - 5*f = -x - l, -4*f + q*x + 60 = 0. What is the tens digit of f?
1
Let m(x) = 2*x**3 - 10*x**2 - 10*x - 10. Let q be m(6). Suppose 2 = -n, 2*f = 6*f + q*n - 2136. What is the units digit of f?
5
Let o(z) = -12*z + 60. Let l(d) = -d + 1. Let h(k) = 4*l(k) + o(k). What is the hundreds digit of h(-19)?
3
Let n be 5/10 + 0 + 1/(-2). Suppose n = -4*c + 5*c + 397. Let f = -282 - c. What is the units digit of f?
5
Suppose -4*z - 5*t + 0*t + 7867 = 0, -4*t - 5877 = -3*z. Let y = z + -1316. What is the tens digit of y?
4
Suppose 21*y + 952028 = 65*y. What is the tens digit of y?
3
Let a(n) = -n**2 - 4*n - 1. Let h be a(7). Let p = -2041 + 2038. What is the tens digit of (h/8)/(p/12)?
3
Let w = 50830 + -6872. What is the units digit of w?
8
Let u(d) = -d**3 + 52*d**2 + 61*d + 58. What is the thousands digit of u(47)?
3
Let w = -47065 - -87749. What is the tens digit of w?
8
Let t = 52 - 35. Suppose -13*h = -t*h + 3216. What is the hundreds digit of h?
8
Suppose -9*b + 2668 = -32*b. Let v = b + 243. What is the tens digit of v?
2
Let m be (8/(-3))/(12/18) - -6. Suppose 3*x - 49 = -3*j + 7*x, -6 = -m*j - 4*x. What is the units digit of j?
1
Suppose -l + 6 = 2*v - 4, 4*l - 13 = v. Let f(d) = 4*d**2 + v*d**2 - d**2 - 16 - 3*d - 5*d**2. What is the units digit of f(14)?
8
Suppose 18*y + 7260 + 912 = 0. What is the units digit of (-19)/(76/24) - y?
8
Let c(f) = 44*f**3 - 10*f - 234. What is the units digit of c(9)?
2
Let v = -800 - -8270. What is the units digit of v?
0
Let d = 965 + -962. Suppose 0 = -2*i - 3*s + 11, -4*i - 2*s + 17 = -s. Suppose 0 = d*t - t - 3*p - 153, -i*p = -12. What is the tens digit of t?
8
Suppose 56*g - 57*g - 6 = 0, 23198 = 5*v + 2*g. What is the thousands digit of v?
4
Let x be (-2)/(-6)*(-9 - 15). Let j be (-6)/9*108/x. What is the hundreds digit of (j/(-6))/((-6)/1204)?
3
Let l = -10189 - -16180. What is the units digit of l?
1
Let x(m) = -m**2 - 12*m - 29. Let z be x(-6). Let b(g) = -34*g - 37. Let t be b(z). What is the tens digit of -2*t/2 + 12/(-3)?
7
Let m = -2083 - -7482. What is the tens digit of m?
9
Suppose 4*d = 2*l - 16, 2*l + 0*l - 16 = -5*d. Suppose l*y = 460 + 628. What is the tens digit of y?
3
Let n = 112 - -380. Suppose 110*g - 108*g = n. What is the hundreds digit of g?
2
Suppose -4*s - 21 = -133. Suppose -4022 = -s*d + 1718. What is the units digit of d?
5
Let v(q) = -66*q + 6189. What is the thousands digit of v(18)?
5
Let o be -1 + (-6 - -12) - 1. What is the units digit of o/((-48)/15) - (-3226)/8?
2
Suppose -90 = -0*c + 10*c. Let s(r) = 22*r + 24. Let d(q) = 43*q + 49. Let v(h) = 4*d(h) - 9*s(h). What is the tens digit of v(c)?
1
Suppose -11*u = -8*u - 18. Suppose -4*f - 4*h + h = u, 5*h = -10. What is the tens digit of (78/9)/((-4)/(-36)) + f?
7
Let k = -3161 + 3467. What is the hundreds digit of k?
3
Let i(v) = -77*v - 517. Let h be i(-6). What is the tens digit of 1*((-6)/15 - 42537/h)?
7
Let x(s) = -505*s - 1544. What is the tens digit of x(-25)?
8
Suppose 3*t = -172 - 1406. Let u = -308 - t. What is the units digit of u?
8
Let j(x) = 410*x**3 + 24*x**2 + 18. What is the units digit of j(4)?
2
Suppose 0 = y + 4*g - 5024, 5*g - 2*g + 25189 = 5*y. Suppose 0 = 12*n - y - 208. What is the hundreds digit of n?
4
Let k be (-60)/9 - (-175)/(-75). What is the thousands digit of (-16)/24 - ((-95172)/k)/(-7)?
1
Suppose -97568 = -4*a - 2*o, 8*o - 5*o = -a + 24402. What is the units digit of a?
0
Suppose 450*s - 232*s + 369928 = 231*s. What is the hundreds digit of s?
4
What is the tens digit of (-25864)/(-1) + ((-5)/(-2))/(60/(-144))?
5
Suppose 0 = 4*h + h - 90. Suppose 21*v - 1656 = h*v. What is the hundreds digit of v?
5
Suppose 5*c + 21 - 111 = -5*s, -2*s = 3*c - 33. Suppose -19*p = -s*p - 120. What is the tens digit of -123*((-15)/p - (-14)/(-24))?
4
Let l = 149 - 121. Suppose 3*w - 665 = -5*a, 0 = a + 23*w - l*w - 161. What is the tens digit of a?
3
Suppose -4*r - 82 = 30. Let h be (104/10)/(-2 - r/15). What is the units digit of -3*(0 + 1) - h/3?
3
Suppose -3*z = -k + 9235, 4*k = -53*z + 51*z + 37010. What is the tens digit of k?
5
What is the units digit of (17/34)/(2/292)?
3
Suppose -4*t + 20998 = 2*o, 10*o - 12*o = t - 21001. What is the tens digit of o?
0
Suppose -3*d + 5709 = -8079. Suppose 0 = -266*z + 272*z - d. What is the tens digit of z?
6
Let g be 2/7 + 915/7. Suppose l - 84 = -g. Let u = 103 + l. What is the tens digit of u?
5
Let l(w) = -w**2 - 26*w + 6. Let m be l(-5). Let p = 117 - m. What is the units digit of 1 - 2/(-4)*p?
4
Suppose 14*m = 9*m - 615. Let d = 480 + m. What is the hundreds digit of d?
3
Suppose -x = -6*c + 381506, 4*c - 9*x = -7*x + 254332. What is the hundreds digit of c?
5
Let z(q) = -q**3 - 11*q**2 - 17*q + 8. Let c be z(-9). Let w be (-7*c/(-2))/(2/(-4)). What is the units digit of (w/(-3))/((-3)/9)?
7
Let c(l) = 457*l**3 - 4*l**2 - 2. Let r(o) = -1372*o**3 + 11*o**2 + 5. Let u(k) = -8*c(k) - 3*r(k). What is the hundreds digit of u(1)?
4
Let h(b) = b**2 - b. Let s(i) = -5*i + 7. Let d be (-14)/(-14)*(-1 + 2)*-1. Let k(n) = d*s(n) + 4*h(n). What is the tens digit of k(-3)?
2
Let w be (-3214)/(-4 + -1 - (17 + -20)). Let z = w - 1061. What is the hundreds digit of z?
5
Let t(j) = 2*j**2 + 20*j - 5. Suppose 0 = 5*o - o - 256. Suppose 8 = -5*a + 2*x - o, 0 = 2*a + 3*x + 25. What is the hundreds digit of t(a)?
1
Let v = -17 - -7. Let x be 1/(15/v - -2). What is the units digit of 58 + 2 + x/(-1)?
8
Suppose -100 = 5*m - n, -2*m - 19 - 21 = -3*n. What is the units digit of (3384/30)/((-6)/m)?
6
Let f = 18020 - 842. What is the hundreds digit of f?
1
Let i be 83/7 - (-7)/49. Let j(x) = -x**3 + 14*x**2 + 28*x - 15. What is the tens digit of j(i)?
0
Let p(m) = 448*m**3 + 8*m**2 - 32*m - 15. What is the ten thousands digit of p(3)?
1
Suppose -15*c + 242 + 163 = 0. Sup